ors of s.
2, 3, 7
Suppose -2*p + 6*p + 2448 = 0. List the prime factors of (1/(-2))/(2/p).
3, 17
Let t(j) = -6*j + 13. Let u(f) = -f - 1. Let a be u(14). What are the prime factors of t(a)?
103
Let t(n) = -n + 181. Let l be t(0). Let i = l - 127. Suppose 2*h - i = -10. What are the prime factors of h?
2, 11
Let i(n) = -n**3 - 17*n**2 - 18*n - 20. Let o be i(-16). Suppose 3*x - 339 = -o. What are the prime factors of x?
109
Let o(k) = 22*k**2 - 6*k - 3. Let v be o(4). Suppose 4*h - 165 = -3*n + 166, 3*n - v = 2*h. List the prime factors of n.
109
Suppose -25 = 4*f - 9. Let z be (3 + f)*-8 + -3. Suppose 4*p - z*j = 33, -2*p + 6*p + 3*j = 57. List the prime factors of p.
2, 3
Suppose -5*d - 820 = -5*n, -6*n = -n + 3*d - 820. What are the prime factors of n?
2, 41
Let z be ((-24)/(-3))/(-1 + -1). Let b = 99 + z. What are the prime factors of b?
5, 19
Suppose 4*j - 21 = 3*j. Let n be (-7)/(-3) - 9/((-135)/10). Suppose 5*c + 5 + 2 = -f, -n*f - c + j = 0. List the prime factors of f.
2
Suppose -3*z - 4*u = -1, 3*z - 7 = u - 2*u. Let o(l) be the first derivative of l**4/2 - 5*l**3/3 + 3*l**2/2 - 2*l - 2. List the prime factors of o(z).
2
Suppose -l - 1 = -2*x + x, 2*x + 2*l - 18 = 0. Let v(p) = 3*p**2 + 2*p - 4. What are the prime factors of v(x)?
3
Let r be 1/(-4) + (-26)/(-8). Suppose 5 = -3*z - 0*t + t, 2 = -3*z + 4*t. What are the prime factors of 19 + z - 9/r?
2, 7
Let p(v) = 62*v**3 + 4*v**2 - 4*v + 3. Let f be p(2). Let k = f - 171. What are the prime factors of k/10 + 6/15?
2, 17
What are the prime factors of 40061/21 - (-112)/(-42)?
3, 5, 127
Let w = 7134 + -3730. List the prime factors of w.
2, 23, 37
Let h be (-6)/(-15)*10*1. Suppose -210 = -m + h*l, m = l + 2*l + 213. List the prime factors of m.
2, 3, 37
Let x(f) = -7*f**3 - f**2 + f + 1. Let w be x(-2). Let j be 3 - -68*3/(-6). Let m = j + w. List the prime factors of m.
2, 5
Suppose 3*w + 7 = -5*k, w + 0*w = -4. Let t be k + -1 - (1 - 4). Suppose t*p + p - 48 = 0. List the prime factors of p.
2, 3
Let t(k) = 12*k - 10. Let d be t(4). List the prime factors of (d/(-6))/(2 - (-110)/(-54)).
3, 19
Suppose -3*j = 4*r - 36, 2*j + 2*j = -4*r + 40. List the prime factors of 639/(-6)*r/(-9).
71
Let b(d) = 43*d + 35 - 16 - 27. What are the prime factors of b(2)?
2, 3, 13
Let c(a) = a**3 - 9*a**2 - 15*a + 18. Let b be c(13). Suppose 6*w - 1016 = 2*w + 4*d, 0 = -2*w - d + b. Suppose -5*f - 6 = -w. List the prime factors of f.
7
Let o be 1 - (-2)/1 - 6. Let y(m) = -m - 1. Let g be y(o). Suppose g*j - 4 = -0*j. List the prime factors of j.
2
Suppose -2*i + 0*c + c = 71, i - 3*c + 48 = 0. Let s be (-748)/i - 1/(-3). Suppose 5*l - s + 8 = 0. What are the prime factors of l?
3
List the prime factors of (261/36)/((-322)/(-160) + -2).
2, 5, 29
Suppose -2*p = -5*v - 2 + 18, -3*v - 2*p = 0. List the prime factors of v/(-11) + 3880/44.
2, 11
Suppose -26*i + 64*i - 90174 = 0. What are the prime factors of i?
3, 7, 113
Let l be 7/6*3*2. Let g(f) = -f**3 + 8*f**2 - 5*f - 12. List the prime factors of g(l).
2
Suppose -5*c + 50 = -5*i, 2*c + 2*c - 22 = i. List the prime factors of 1/(-21)*i - (-964)/7.
2, 3, 23
Suppose 6*q = -4*q. What are the prime factors of q/((1 - -2)/(-3)) + 38?
2, 19
Suppose -4*v + 4*p = 0, -4*v + 9*v = p + 8. Let j(k) = k**2 - 12*k + 27. Let o be j(9). Suppose -y + v*y - 5 = o. What are the prime factors of y?
5
Let p(z) = -z**3 + 10*z**2 + 6*z - 5. Let w = 73 - 64. What are the prime factors of p(w)?
2, 5, 13
Let u be (-1)/(-1) + (-4 - -3). Suppose 2*l - 3 = -2*m + 109, 2*l + 3*m - 117 = u. What are the prime factors of l?
3, 17
Let o(l) = 125*l**2 - 125*l. What are the prime factors of o(5)?
2, 5
List the prime factors of (-96)/18*60/(-16).
2, 5
Let q(b) = 14*b - 11. Let g be q(8). Suppose -3*f + g = -226. What are the prime factors of 2/(-4) + f/2?
2, 3
Let y(x) = 32*x - 2. Suppose -5*v + 1 = 3*n, -2*n + n - 5*v - 3 = 0. List the prime factors of y(n).
2, 31
Let u = -1 - -1. Suppose u = 4*x - 322 - 94. What are the prime factors of x?
2, 13
Suppose 6*q + 704 = -4*f + 2*q, 5*q = 4*f + 749. Let x = -109 - f. What are the prime factors of x?
2, 3
Suppose -10*k = 2*k - 15612. What are the prime factors of k?
1301
Let t = 149 + -51. List the prime factors of t/35*5*4.
2, 7
Let t(v) = 8*v + 13*v - 9*v + 1. Suppose 0 = 3*a - 3*i + 12, 4*a + 19 = -5*i + 48. What are the prime factors of t(a)?
13
Let v(n) = 54*n**2 - 25*n + 227. List the prime factors of v(8).
3, 43
Suppose -7*y + 503 = -358. List the prime factors of y.
3, 41
Let v(c) = c**2 - c + 191. Let l be v(0). Suppose 4*x + 35 = l. What are the prime factors of x?
3, 13
Let k(n) = -8*n - 4. Let h be k(-20). Suppose 0*f - 4*a = -5*f + 334, 4*a - h = -2*f. What are the prime factors of f?
2, 5, 7
List the prime factors of -22*(-3)/(-12)*-6.
3, 11
Let k be 9196/(-57)*(-2 + (-2)/(-4)). Suppose 2*p - v - 250 = -5*v, -2*p + k = 2*v. What are the prime factors of p?
3, 13
Let a(h) = -h**3 + 38*h**2 - 36*h - 106. List the prime factors of a(32).
2, 7, 349
Let q = -5 - -5. Suppose 2*v - 70 = -q. List the prime factors of (-2)/(-7) + 1355/v.
3, 13
Let i(d) be the second derivative of -d**5/20 - 7*d**4/12 - 4*d**3/3 - d**2 + 3*d. Let r = 7 + -13. List the prime factors of i(r).
2, 5
Let m(t) = 13*t**2 + 5. List the prime factors of m(9).
2, 23
Suppose -15 = n - 47. Let a = -10 + n. What are the prime factors of a?
2, 11
Let s(i) = i**2 + i + 3. Let q be s(0). Suppose 4*v + 6*t - 20 = 3*t, 15 = q*v - 4*t. Suppose v*f + 8 = 3, -52 = -3*w + f. What are the prime factors of w?
17
Suppose 4*d + 32 = 60. Suppose h - 127 = f, 392 = 3*h - 5*f + d. List the prime factors of h.
5
Let q(a) = 19*a + 2. List the prime factors of q(3).
59
Let d = -96 - -105. Let g(f) = -f**3 + 3*f**2 - f - 4. Let o be g(3). Let r = d + o. What are the prime factors of r?
2
Suppose 4*m = -13*k + 14875, 9*k - 14920 = -4*m + 5*k. List the prime factors of m.
3, 5, 83
Let b be ((-2)/1)/((-4)/10). Suppose 5*o - z + 0*z = 408, -b*z + 390 = 5*o. What are the prime factors of o?
3
Let p be 0/((-2)/(-1)*-1). Let a be p/(-1) - (-4 - -1). What are the prime factors of 4/a + 18/27?
2
What are the prime factors of ((-7)/(35/(-25)))/((-1)/(-4))?
2, 5
Let g be 8/10 - (-6)/5. Suppose -2*s - 4*y = -8 - 110, 5*s - g*y - 247 = 0. Let d = -1 + s. List the prime factors of d.
2, 5
Let s = 107 + -329. Let k = 416 + s. Suppose 3*z - 4*g = k, 3*g = 2*z - 2*g - 141. What are the prime factors of z?
2, 29
Suppose -4*c = -0*c + 4. Let d be c*((-6)/(-2) + 1). Let h(f) = -10*f + 3. What are the prime factors of h(d)?
43
Let m = -41 - -201. Let r be (3/(-5))/((-8)/m). Let a(q) = -q**2 + 12*q + 8. What are the prime factors of a(r)?
2
Suppose -2*k = -5*a - 29, -a + 3*k = -8 + 19. What are the prime factors of (a/15 - 408/(-9)) + -3?
2, 3, 7
Suppose -6*d = -d - 15. Suppose d*h + p + 2*p - 45 = 0, -3*p + 1 = -h. Suppose k + 0*k - h = 0. List the prime factors of k.
11
Let u(f) be the first derivative of -f**2/2 + 15*f + 4. What are the prime factors of u(-6)?
3, 7
Let l = -12 - -14. Suppose -l*f + 193 = -19. What are the prime factors of f?
2, 53
Let g = 14 - 10. Suppose 5*j - 138 = 2*j. Suppose 26 = g*t - j. List the prime factors of t.
2, 3
Suppose 15*g = -7*g + 21604. What are the prime factors of g?
2, 491
Let p = -16 + 59. Let n = -29 + p. What are the prime factors of n?
2, 7
Let c be (-42)/((-50)/(-15) + -4). Suppose 5*v + 103 = 3*q, 5*q - 4*v = 100 + c. What are the prime factors of q?
31
What are the prime factors of ((-12)/(-16))/(9/19332)?
3, 179
Suppose g - 3*g - a + 2127 = 0, 0 = 2*g - 4*a - 2152. What are the prime factors of g?
2, 13, 41
Let c(g) = 167*g + 23. List the prime factors of c(3).
2, 131
Let m be (3/(-6))/(1/(-5256)). List the prime factors of m/8*12/18.
3, 73
Let i be 1/1 - (5 - 1). List the prime factors of (0 + i)/3*-89.
89
Suppose 9*g + 2670 = 19*g. List the prime factors of g.
3, 89
Let v be 6*(2 - (-3)/(-2)). Suppose -5*s - r = -163, r = v*s - 110 + 9. List the prime factors of s.
3, 11
Let j(l) = -263*l - 135. What are the prime factors of j(-6)?
3, 13, 37
Let c(o) = 2*o**2. Let t be c(1). Suppose -168 = -6*m + t*m. Suppose -9*u = -6*u - m. What are the prime factors of u?
2, 7
Let p(n) = 0 - 6*n + 1 + n**2 + 5. Let r be p(8). Let m = -2 + r. What are the prime factors of m